ivative of b**6/30 - b**2 - 1. Let w(d) be the second derivative of x(d). What is w(h)?
4
Suppose 0 = -2*y + 5*y - 6. Suppose -3*b + y = 5. Let o(k) = -10*k**2 + 1. Calculate o(b).
-9
Let c(z) = z**3 + z**2 - 1. Let h(w) = -w**3 + 3*w**2 - 4*w + 4. Let u be -2 + (-5)/(5/(-4)). Let d be h(u). What is c(d)?
-1
Let i(d) = 2*d**2 + 4. Suppose 0*h = 14*h + 42. What is i(h)?
22
Let r(l) = l**3 - 4*l**2. Let j be r(4). Suppose -2 = -3*b + 7. Let n(a) = -1 + a - b*a**2 + 2*a**2 - 3. Calculate n(j).
-4
Suppose 8*w + 16 = 4*w. Let y(p) = 6*p + 6. Give y(w).
-18
Let y(o) = 2*o - 9. Let i be (-171)/(-24) - 6/48. What is y(i)?
5
Suppose b - 4 = 1. Let d(v) = v + 5. Let x(q) = 0*q + 3*q + 9 - q. Let u(r) = b*d(r) - 3*x(r). Calculate u(-2).
0
Let o(u) = -9 + 7 - u**2 + 5*u + 0*u**2. What is o(6)?
-8
Let u(w) = w. Let c be 3/4*(-1 + 5). Let i(z) = z**2 + 8*z - 3. Let k be i(-8). Let h be (-15)/c + (-6)/k. What is u(h)?
-3
Let n(r) = r**2 + r + 1. Suppose -3 = 2*l + 3*z + 3, 12 = -4*l - 5*z. Give n(l).
7
Let n(s) = 5*s - 1. Suppose 5*m = -0*m - l + 29, -2*m + l + 13 = 0. Let y = -4 + m. Suppose -y*c + 2*h + 1 = 3*h, -5*h = 2*c - 13. Give n(c).
-6
Let m = 74 + -77. Let u(k) = 3 - 2*k + 1 - 1. Give u(m).
9
Let z(j) = -26*j. Let d be z(-1). Suppose -f + 5*h + d = 0, -h - 34 = -3*f - 2*f. Let w(b) = 4*b**2 - 4*b + f*b**3 - 3*b**2 + 5*b. What is w(-1)?
-6
Let t be 7/7 - (-3)/1. Suppose t*k = -0*k. Suppose k = 4*c + 4*j - 4, 5*c + 0*j - j = 35. Let b(n) = -n**3 + 7*n**2 - 6*n + 3. Calculate b(c).
3
Let y(r) = r**3 - r**2 + r + 1. Let h(u) = 6*u**3 - 3*u**2 + 4*u + 5. Let d(f) = h(f) - 5*y(f). What is d(1)?
2
Let r(d) be the third derivative of d**4/24 + d**3/6 + 15*d**2. Determine r(8).
9
Let t = -6 - -11. Suppose -5*y - 2*m = 2*m - t, -y + 2*m = -1. Let x(i) = -y + 4 - 4 - 2*i - 4. Calculate x(-4).
3
Let s(j) = -j**3 + 6*j**2 - 6*j + 1. Suppose 1 - 21 = -5*v. Suppose -2*w = t - 10 - v, 0 = -2*t - 5*w + 33. Give s(t).
9
Let f(a) = 12*a - 21*a + a**2 + 1 + 8*a. Let u be 2 + (2 - 3) - 1. Determine f(u).
1
Let x(t) = -2*t + 2. Let h(v) = -2*v + 2. Suppose 4*w + 0 = -4. Let a be h(w). Calculate x(a).
-6
Suppose 3*a = -2*m + 22, -2 = 3*m - 17. Let i(r) = -r**2 + 6*r - 3. Let l be i(a). Suppose -32 = l*v - 2. Let j(p) = -p - 5. Give j(v).
1
Let h(c) = -2*c**2 + 3*c**2 - 7 + 3 + c. Suppose 0 = 13*v - 4*v. Determine h(v).
-4
Let v(d) = 8*d + 1. Let a be (-20)/6*6/(-4). Let m(c) = -c. Let s(u) = a*m(u) + v(u). Give s(2).
7
Let r(k) = 4*k. Let m(d) = -d - 1 + 0 - 2*d**2 + d**3 + d**2. Let a be m(-1). What is r(a)?
-8
Let y(p) = -p. Let t(h) = -6*h. Let i(l) = -4*t(l) + 22*y(l). Let j = -72 + 77. Give i(j).
10
Let d(s) = -s**3 + 6*s**2 - 5*s + 2. Let i be d(5). Let w(f) = -f + 8. Let r be w(6). Let z(h) = 8*h - 2*h - h**2 + r*h**i - 1. Calculate z(-5).
-6
Let w(z) be the third derivative of -z**5/60 - z**4/8 + z**3/3 - 3*z**2. Let x(f) = f**3 - 2*f**2 - 3*f - 4. Let o be x(3). Give w(o).
-2
Let m(c) = -3*c + 5*c + 1 + c - 4*c. Let b(w) = -2*w - 7. Let x be b(-6). Give m(x).
-4
Let k(p) = 4*p**3 + 7*p**2 - 6*p - 5. Let i(v) = 3*v**3 + 5*v**2 - 4*v - 3. Let d(y) = -7*i(y) + 5*k(y). Give d(-3).
29
Suppose d - 5*k + 8 = 3*d, 0 = 4*k. Suppose 0*o - 2*o + 16 = -d*p, 4*p = 5*o - 22. Let t(h) = 5 - 3 - 4*h + h - h**o. What is t(-5)?
-8
Let s = 179 + -179. Let p(x) = x**2 + x - 6. Calculate p(s).
-6
Let z(d) = -6*d**3 + 3*d**2 + 3. Let x(p) = 5*p**3 - 2*p**2 - p - 3. Let j(n) = -4*x(n) - 3*z(n). Calculate j(-2).
7
Let o(t) be the first derivative of t**5/12 - 2*t**2 - 1. Let x(r) be the second derivative of o(r). What is x(-1)?
5
Let v(x) = 0 - 3*x + 2 + x**2 + 0*x. Suppose 13 + 2 = 5*o. Let t be o/((2 - -1)/3). Give v(t).
2
Let b(n) = 4 + 3 + 4*n + n**2 - 3. Suppose -3*q = 16 - 46. Let f = q + -14. What is b(f)?
4
Let a(q) = -q**2 - 3*q + 6. Let t(n) = -6*n + 1. Suppose -2*w = 2 - 4. Let k be t(w). Calculate a(k).
-4
Let q(l) be the second derivative of -l**5/20 - 5*l**4/12 - l**3/6 + 5*l**2/2 + 21*l - 1. Calculate q(-5).
10
Let s(q) = -q**2 - q. Let o = 1 + 1. What is s(o)?
-6
Let a(w) = -6*w. Let b(u) = 5*u. Let p(o) = -4*a(o) - 5*b(o). Determine p(5).
-5
Let k(l) = -l + 7. Let v(w) = -w + 21. Let g be v(15). Determine k(g).
1
Let h(l) = -l**2 - l. Let x(m) = -m**3 + 8*m**2 + 7*m + 2. Let n(t) = 3*h(t) + x(t). Let o(s) = s**3 - 8*s**2 + s - 2. Let v be o(8). What is n(v)?
-10
Suppose 4*r - 2*r + 2 = 0. Let d be r + (2 - 4) + -2. Let q(v) be the third derivative of v**5/60 + v**4/6 + v**2. Calculate q(d).
5
Let f(h) = -43 + 8*h**2 + 0*h**2 + 41. Let t be f(-2). Let b be (-4)/(-6) - 80/t. Let o(q) = -2*q**2 - 4*q - 3. Give o(b).
-3
Let h(t) = -t - 7. Let c(u) be the third derivative of u**4/24 + 4*u**3/3 + 4*u**2. Let p(s) = -6*c(s) - 7*h(s). Let b be 3 + (0 + 2 - 4). What is p(b)?
2
Let f(a) = -5*a - 3*a - a**2 + 4*a + 0*a**2. Give f(-5).
-5
Let u = 5 - 3. Let i(a) = -a + 3*a**2 - a**2 - 1 + 2*a. Determine i(u).
9
Let l(m) = m**2 + 3*m - 3. Suppose -4*p - 19 = 3*f, -3*p + 2*f + 2*f = 8. Determine l(p).
1
Let f(w) = -5*w**3 - 7*w**2 - w - 5. Let v(t) = 6*t**3 + 9*t**2 + t + 5. Let h(o) = 7*f(o) + 6*v(o). Give h(-5).
0
Let n(f) = f**3 - 6*f**2 + 5*f + 5. Suppose 5*s - 44 = 3*x, -s - 3*x + 14 = -2. Let i be (6 - 7)/((-2)/s). Give n(i).
5
Let c = 12 + -7. Suppose 5*i = 21 - 1. Let v(s) = -1 - 2*s + 3*s - i. Determine v(c).
0
Let v(j) = -j**2 - 3*j + 1. Let k be (-19)/(-7) - 18/(-63). Let x be k + (0/1 - 1). What is v(x)?
-9
Let w = -4 + 6. Let k(n) = 2*n - 3*n - 3*n + 1. Determine k(w).
-7
Let p(k) = 3*k - 6. Suppose -4*l + 14 = -2*y, -3*y - 4 = -7. Give p(l).
6
Let v(c) = -c + 4*c**3 - 5*c**3 - 2*c**2 - 2*c**2 - 2*c**2. Determine v(-6).
6
Let f be -3*(-6)/(-3)*2. Let n be 4/(-6) - 32/f. Let m(l) = 5*l - 2. What is m(n)?
8
Let s(y) = 5*y + 1. Suppose w - 4 = 2*p, 0*p - 4*w + 10 = -2*p. Determine s(p).
-4
Let l(p) = -2*p - 3. Let s(b) = -b**2 - 5*b - 2. Let t be s(-3). Let h be (-1)/((16/20)/t). Give l(h).
7
Let h(z) = -2*z - 6 + 5 + 3. Give h(4).
-6
Let i(w) be the second derivative of -w**4/6 - w**3/6 - w**2 + 10*w. What is i(2)?
-12
Suppose -5*o + 3 + 7 = 0. Let x(v) = -2*v + 0*v - o + 2*v - 3*v. What is x(-3)?
7
Let b = -5 + 8. Let m(k) = -3*k**2 - 2*k**3 + k**b + 3*k - 4*k**2 - 5 + 4*k**2. What is m(-4)?
-1
Suppose -j = -4, -20 = -2*m + 5*j - 60. Let p be ((-3)/(-1))/(15/m). Let w(g) be the third derivative of -g**4/6 - g**3/3 - 2*g**2. Give w(p).
6
Let a(x) = 6*x - 34. Let v be a(6). Let z(b) be the third derivative of -b**5/20 + b**4/8 - b**3/6 - b**2. Determine z(v).
-7
Let t be 2/8 - (-22)/8. Suppose -2*h + t = -3. Let r(v) = h + 3*v - v - 2. What is r(2)?
5
Let c(j) = -6*j**2 + 12*j + 1. Let a be 2/9 - (-290)/(-90). Let q(v) = -5*v**2 + 11*v. Let d(s) = a*c(s) + 4*q(s). Calculate d(5).
-13
Let z(j) = -9*j + 3. Suppose -f - 2 = -21. Let w = f - 17. Give z(w).
-15
Let t(d) = -d**3 - 1. Let b(j) = 2*j**3 + 3*j**2 + 2*j. Let w be (-36)/15 + (-4)/(-10). Let p be b(w). Let z = 7 + p. Calculate t(z).
0
Let p(q) = -2*q**2. Let f be p(1). Let r(a) be the first derivative of 1/2*a**2 + 2*a - 1/3*a**3 - 6. What is r(f)?
-4
Suppose -14 = -r + 4*s, -2*s = 3*r - 3*s - 20. Let h(q) = -q**3 + 5*q**2 + 7*q - 6. Determine h(r).
0
Let f(g) = g**3 - 2*g**2 - g. Suppose 4*w + 4 = 6*w. What is f(w)?
-2
Let o(c) be the third derivative of -1/2*c**3 + 1/4*c**4 + 0*c - 1/12*c**5 + 1/120*c**6 + 0 - 5*c**2. Determine o(4).
5
Let d(b) = -3*b**2 + b - 5. Let c(a) = 7*a**2 - a + 11. Let k(l) = 4*c(l) + 9*d(l). Suppose -j - 4 = 1. What is k(j)?
-1
Let d(r) = -2 - 3*r + 0*r**2 + 2*r + r**2. Suppose 6*t + 8 = 5*t. Let m be (-2)/(-3)*(-36)/t. Determine d(m).
4
Let t(m) = -m**3 + 4*m**2 - 2. Let y(g) = g**2 - 7*g + 3 + g - 2*g + 3*g. Let b be y(5). Determine t(b).
7
Let j(r) = -r**3 + 3*r**2 + 5*r. Let a be 105/27 + 3/27. Give j(a).
4
Suppose p - 10 = 2*p - 3*c, -5*p = -5*c + 30. Let w(t) = -2*t + 3. Let i(n) = -1. Let b(l) = p*i(l) - w(l). Suppose -4*h + 6 = -2. Determine b(h).
5
Suppose 0*a + 5*u - 29 = a, 4*u = -2*a - 2. Let g(i) = -i**3 - 10*i**2 - 9*i + 1. Determine g(a).
1
Let c(l) be the first derivative of -l**3/3 + 7*l**2/2 + 4*l - 5. Determine c(7).
4
Let r(z) = -z**3 + 3*z**2 - 2*z + 1. Let q = -5 + 2. Let a be (-9)/(-6) - q/6. Calculate r(a).
1
Suppose -3*b - l + 52 = 0, -2*b + 44 = -l + 4*l. Sup